2 + 3*x + 13. Determine g(-13).
-195
Let p(g) = 77*g - 350. Calculate p(2).
-196
Let j(i) = 301*i**2 - 11*i - 2. What is j(1)?
288
Let g(x) = 2*x**3 + 17*x**2 - 33*x + 29. Determine g(-9).
245
Let x(y) = -81*y - 2829. Give x(-35).
6
Let z(v) = v**3 + 2*v**2 - 7*v + 23. Determine z(-4).
19
Let n(x) = 277*x + 270. Calculate n(-1).
-7
Let n(k) = 224*k - 5601. Give n(25).
-1
Let r(s) = 19*s - 1286. Determine r(65).
-51
Let a(h) = -13*h**2 + 120*h - 6. Give a(11).
-259
Let l(m) = -m**2 - 20*m + 619. Give l(-41).
-242
Let j(t) = 9*t**2 - 6*t + 19. Determine j(-6).
379
Let i(r) = r**3 + 14*r**2 + 12*r + 113. Calculate i(-14).
-55
Let s(u) = -u**3 - 41*u**2 + 1063*u - 14. Determine s(18).
4
Let w(f) = -22*f**2 - 126*f - 100. Calculate w(-1).
4
Let l(v) = -18*v**2 - 28*v - 4. Give l(0).
-4
Let a(p) = -p**3 + 15*p**2 - 31*p + 439. Give a(15).
-26
Let z(d) = -d**3 + 3*d**2 + 18*d + 8. Calculate z(7).
-62
Let t(l) = 11*l**2 + 465*l + 107. Determine t(-42).
-19
Let k(n) = 5*n**3 + 4*n**2 - 17*n - 26. Determine k(-5).
-466
Let h(b) = -49*b + 348. Determine h(9).
-93
Let l(f) = 1085*f - 1087. Determine l(1).
-2
Let f(t) = 19*t**2 + 148*t + 193. Determine f(-6).
-11
Let a(m) = -m**3 + 2*m**2 + m - 2. Give a(2).
0
Let c(w) = -24*w**2 - 511*w + 48. Determine c(-21).
195
Let z(i) = -6*i**3 - 33*i**2 - i - 15. Calculate z(-4).
-155
Let c(i) = -i**3 - 5*i**2 + i - 158. Give c(0).
-158
Let z(b) = 194*b - 2378. What is z(12)?
-50
Let b(t) = 401*t + 553. Calculate b(-1).
152
Let v(z) = -z**3 - 309*z**2 + 1569*z - 305. Calculate v(-314).
9
Let q(h) = -h**2 - 33*h + 80. Determine q(-35).
10
Let g(o) = -2*o**3 + 32*o**2 - 34*o + 64. Calculate g(15).
4
Let g(m) = 2*m**3 - 72*m**2 - 5*m + 171. What is g(36)?
-9
Let s(l) = -98*l + 5315. What is s(55)?
-75
Let d(i) = 5*i**3 + 15*i**2 + 14*i + 42. What is d(-3)?
0
Let d(p) = -19*p + 253. Calculate d(18).
-89
Let t(d) = -10*d**2 - 78*d + 395. Give t(5).
-245
Let r(c) = c**3 + 36*c**2 - 56*c - 761. Determine r(-37).
-58
Let g(n) = -728*n + 2917. Calculate g(4).
5
Let c(g) = -2*g**2 + 67*g + 30. Give c(34).
-4
Let f(u) = -2*u**3 - 42*u**2 + 201*u + 29. Determine f(-25).
4
Let f(r) = -2*r**2 + 62*r + 363. Give f(-5).
3
Let x(b) = 156*b + 179. Calculate x(1).
335
Let q(x) = 160*x + 2884. Determine q(-18).
4
Let c(o) = -870*o - 3454. Determine c(-4).
26
Let k(u) = 154*u - 1245. What is k(8)?
-13
Let t(d) = d**3 + 2*d**2 - 13*d - 2. Determine t(5).
108
Let a(p) = -3*p - 19. Determine a(-8).
5
Let o(g) = g**2 - 153*g - 2157. Give o(-13).
1
Let h(t) = -t**3 + 196*t**2 - 276*t + 15811. Determine h(195).
16
Let r(p) = -p**3 + 111*p**2 - 147*p + 4074. Give r(110).
4
Let v(j) = j**3 + 50*j**2 - 70*j - 1002. Determine v(-51).
-33
Let v(t) = t**3 + 76*t**2 + 102*t + 7752. Calculate v(-76).
0
Let t(s) = -2*s**3 + 28*s**2 - 5*s + 104. Calculate t(14).
34
Let s(v) = 2*v**3 - 99*v**2 + 55*v - 294. What is s(49)?
0
Let p(w) = w**2 + 17*w - 512. What is p(16)?
16
Let t(q) = -2098*q**2 + 16782*q + 9. Determine t(8).
-7
Let c(b) = 36*b**2 + 89*b + 81. Calculate c(-5).
536
Let v(m) = -371*m - 1106. Give v(-3).
7
Let b(q) = -3*q**2 - 236*q - 112. Calculate b(-78).
44
Let d(p) = 45*p**2 + 185*p - 11. Calculate d(-4).
-31
Let x(j) = -67*j - 3485. Give x(-52).
-1
Let y(p) = 2*p**3 - 9*p**2 - 8*p + 55. Give y(5).
40
Let f(w) = -372*w - 1490. Give f(-4).
-2
Let a(t) = 1291*t - 59380. Give a(46).
6
Let o(g) = 8*g**2 - 5*g + 61. Determine o(-7).
488
Let b(z) = 18*z**2 - 24*z - 14. Give b(1).
-20
Let p(v) = -v**3 + v**2 + 25*v - 34. Give p(-5).
-9
Let w(d) = 2*d**2 + 6*d - 96. Give w(7).
44
Let o(a) = -44*a - 878. What is o(-20)?
2
Let h(w) = -w**3 + 52*w**2 - 564*w + 144. Determine h(15).
9
Let p(t) = 52*t - 615. Give p(12).
9
Let k(t) = -122*t**2 - 6*t + 8. Calculate k(1).
-120
Let n(h) = -39*h - 118. Calculate n(-3).
-1
Let l(y) = 10*y**2 - 2*y - 1. What is l(1)?
7
Let n(w) = 24*w - 92. What is n(4)?
4
Let p(l) = -l**2 - 37*l + 104. Give p(-40).
-16
Let q(p) = -2*p**3 - 3*p**2 + 30*p - 96. Calculate q(3).
-87
Let h(g) = 3*g**2 - 62*g + 151. What is h(15)?
-104
Let o(q) = 6*q**3 + 3*q**2 + 7*q + 8. Give o(-2).
-42
Let i(s) = 7*s - 104. Calculate i(18).
22
Let s(f) = 45*f**2 + 133*f - 1. Give s(-4).
187
Let a(o) = -o**3 + 18*o**2 - 42*o + 78. Calculate a(16).
-82
Let o(j) = -206*j + 9. Give o(1).
-197
Let k(r) = 11*r**3 + 8*r**2 - 8*r + 1. What is k(1)?
12
Let z(o) = o**2 + 62*o + 594. Give z(-13).
-43
Let b(t) = 15*t**2 + 418*t - 51. Give b(-28).
5
Let y(u) = -13*u**3 - 570*u**2 + 88*u + 15. Determine y(-44).
15
Let s(g) = -g**2 + 14*g + 174. Calculate s(18).
102
Let z(n) = 20*n**2 + 318*n - 366. Calculate z(-17).
8
Let m(w) = 101*w + 3926. What is m(-39)?
-13
Let j(v) = 251*v - 860. Determine j(4).
144
Let k(x) = -31*x - 139. Give k(-5).
16
Let f(n) = n**2 + 10*n - 297. What is f(13)?
2
Let l(o) = -18*o**2 - 474*o - 473. Determine l(-1).
-17
Let q(x) = -7*x + 32. Calculate q(-28).
228
Let y(f) = -1796*f - 32338. What is y(-18)?
-10
Let y(b) = -2*b**2 + 103*b + 44. Calculate y(52).
-8
Let w(f) = 7*f**2 - 110*f - 440. Determine w(19).
-3
Let t(p) = p**3 - 25*p**2 + 130*p + 96. Give t(10).
-104
Let l(u) = -286*u - 2471. What is l(-9)?
103
Let z(i) = -i**2 + 143*i - 5080. Determine z(65).
-10
Let b(f) = -f**3 + 46*f**2 + 556*f + 219. Calculate b(56).
-5
Let p(q) = -30*q + 638. Determine p(16).
158
Let p(d) = -d**3 + 36*d**2 + 298*d + 120. Determine p(43).
-9
Let l(a) = 2*a**3 - 4*a**2 + 12*a - 4. Determine l(5).
206
Let w(r) = r - 42. Determine w(27).
-15
Let f(t) = 7*t**2 - 174*t - 764. What is f(-4)?
44
Let s(f) = -2*f**3 + 14*f**2 - 12*f + 68. Give s(7).
-16
Let q(c) = -137*c + 540. Give q(4).
-8
Let q(d) = 42*d - 1045. What is q(25)?
5
Let y(k) = 6*k**2 - 885*k + 7084. Calculate y(139).
-5
Let n(f) = f**3 - 15*f**2 + 26*f - 26. What is n(13)?
-26
Let u(s) = -s**3 - 45*s**2 - 53*s - 419. What is u(-44)?
-23
Let o(f) = -f**2 - 384*f - 36854. Calculate o(-192).
10
Let u(f) = 54*f + 665. Give u(-12).
17
Let z(i) = 1715*i + 18890. Determine z(-11).
25
Let s(n) = 96*n + 197. What is s(-2)?
5
Let o(a) = -44*a**2 - 479*a + 57. What is o(-11)?
2
Let b(c) = -6*c**2 - 769*c - 3110. Calculate b(-124).
-10
Let i(b) = 99*b - 194. Determine i(2).
4
Let o(y) = -5*y**2 - 145*y + 1258. What is o(9)?
-452
Let o(i) = -5*i**2 - 3*i + 11. Give o(4).
-81
Let v(w) = -44*w - 51. Calculate v(-3).
81
Let f(t) = 305*t + 449. What is f(-3)?
-466
Let t(s) = -s**3 - 3*s - 282. Determine t(0).
-282
Let r(b) = -b**3 - 8*b**2 + 10*b + 43. Determine r(-7).
-76
Let p(r) = r**3 + 38*r**2 - 42*r - 50. Give p(-39).
67
Let b(n) = 11*n**2 - 590*n + 2335. Calculate b(4).
151
Let x(i) = 2*i**3 - 16*i**2 + 18*i - 23. Give x(7).
5
Let x(i) = 1399*i + 8380. What is x(-6)?
-14
Let m(w) = w**3 - 33*w**2 + 63*w - 48. What is m(31)?
-17
Let b(c) = -26*c**2 - 3457*c + 127. What is b(-133)?
-6
Let r(d) = -61*d + 2136. Determine r(38).
-182
Let a(i) = -i**2 + 472*i + 2397. Determine a(-5).
12
Let x(t) = -282*t - 811. Give x(-2).
-247
Let n(b) = -201*b**2 - b - 80. Calculate n(0).
-80
Let a(c) = 62*c + 4. Determine a(2).
128
Let p(h) = 2*h**3 - 17*h**2 + 47*h - 62. What is p(9)?
442
Let h(o) = 115*o + 4962. Determine h(-43).
17
Let v(c) = -109*c + 1648. Give v(15).
13
Let l(j) = 2*j**3 + 167*j**2 + 86*j + 131. Give l(-83).
-118
Let f(u) = 3*u**2 + 54*u + 79. Determine f(-16).
-17
Let x(w) = 3*w**2 + 163*w - 1485. Give x(8).
11
Let s(w) = 6*w**2 - 113*w - 17. Give s(19).
2
Let n(l) = l**3 + 6*l**2 + 95*l + 1102. Give n(-9).
4
Let k(q) = 60*q + 899. What is k(-16)?
-61
Let z(v) = 235*v - 934. Give z(4).
6
Let a(j) = -j**3 - 70*j**2 + 16*j + 1092. Determine a(-70).
-28
Let g(s) = -2*s**2 + 2. Determine g(11).
-240
Let k(t) = -5*t**3 + 7*t**2 - 22*t - 20. What is k(5)?
-580
Let k(f) = -f**3 + 46*f**2 - 93*f + 107. Give k(44).
-113
Let w(q) = -2*q**3 + 32*q**2 + 32*q + 79. What is w(17)?
45
Let y(g) = g**3 - 33*g**2 + 273*g + 9. Calculate y(20).
269
Let j(g) = 26*g**2 + 285*g - 17. What is j(-11)?
-6
Let w(m) = -m**3 + 71*m**2 - 1019*m - 50. Give w(51).
1
Let x(p) = -38454*p + 38447. What is x(1)?
-7
Let t(z) = -2*z**2 - 148*z - 434. Determine t(-3).
-8
Let m(t) = -t**3 - 16*t**2 - 15*t - 13. Determine m(-15).
-13
Let v(a) = a**2 + 94*a - 23069. Determine v(-206).
3
Let c(r) = r**2 - 138*r + 931. Calculate 